[INFO] cloning repository https://github.com/aboothk/rcore
[INFO] running `Command { std: "git" "-c" "credential.helper=" "-c" "credential.helper=/workspace/cargo-home/bin/git-credential-null" "clone" "--bare" "https://github.com/aboothk/rcore" "/workspace/cache/git-repos/https%3A%2F%2Fgithub.com%2Faboothk%2Frcore", kill_on_drop: false }`
[INFO] [stderr] Cloning into bare repository '/workspace/cache/git-repos/https%3A%2F%2Fgithub.com%2Faboothk%2Frcore'...
[INFO] running `Command { std: "git" "rev-parse" "HEAD", kill_on_drop: false }`
[INFO] [stdout] fce2a468e3b80b074bcda27e5281dd7240ce73db
[INFO] checking aboothk/rcore against try#72f88fc4e9458f89516a0b8b0868f3718aec5b47 for pr-74989
[INFO] running `Command { std: "git" "clone" "/workspace/cache/git-repos/https%3A%2F%2Fgithub.com%2Faboothk%2Frcore" "/workspace/builds/worker-1/source", kill_on_drop: false }`
[INFO] [stderr] Cloning into '/workspace/builds/worker-1/source'...
[INFO] [stderr] done.
[INFO] validating manifest of git repo https://github.com/aboothk/rcore on toolchain 72f88fc4e9458f89516a0b8b0868f3718aec5b47
[INFO] running `Command { std: "/workspace/cargo-home/bin/cargo" "+72f88fc4e9458f89516a0b8b0868f3718aec5b47" "read-manifest" "--manifest-path" "Cargo.toml", kill_on_drop: false }`
[INFO] removed /workspace/builds/worker-1/source/.cargo/config
[INFO] started tweaking git repo https://github.com/aboothk/rcore
[INFO] finished tweaking git repo https://github.com/aboothk/rcore
[INFO] tweaked toml for git repo https://github.com/aboothk/rcore written to /workspace/builds/worker-1/source/Cargo.toml
[INFO] crate git repo https://github.com/aboothk/rcore already has a lockfile, it will not be regenerated
[INFO] running `Command { std: "/workspace/cargo-home/bin/cargo" "+72f88fc4e9458f89516a0b8b0868f3718aec5b47" "fetch" "--locked" "--manifest-path" "Cargo.toml", kill_on_drop: false }`
[INFO] [stderr]     Updating git repository `https://github.com/rcore-os/riscv`
[INFO] [stderr]  Downloading crates ...
[INFO] [stderr]   Downloaded bare-metal v0.2.5
[INFO] [stderr]   Downloaded quote v1.0.5
[INFO] [stderr]   Downloaded proc-macro2 v1.0.13
[INFO] [stderr]   Downloaded syn v1.0.22
[INFO] [stderr]   Downloaded bit_field v0.9.0
[INFO] [stderr]   Downloaded buddy_system_allocator v0.3.9
[INFO] running `Command { std: "docker" "create" "-v" "/var/lib/crater-agent-workspace/builds/worker-1/target:/opt/rustwide/target:rw,Z" "-v" "/var/lib/crater-agent-workspace/builds/worker-1/source:/opt/rustwide/workdir:ro,Z" "-v" "/var/lib/crater-agent-workspace/cargo-home:/opt/rustwide/cargo-home:ro,Z" "-v" "/var/lib/crater-agent-workspace/rustup-home:/opt/rustwide/rustup-home:ro,Z" "-e" "SOURCE_DIR=/opt/rustwide/workdir" "-e" "CARGO_TARGET_DIR=/opt/rustwide/target" "-e" "CARGO_HOME=/opt/rustwide/cargo-home" "-e" "RUSTUP_HOME=/opt/rustwide/rustup-home" "-w" "/opt/rustwide/workdir" "-m" "1610612736" "--user" "0:0" "--network" "none" "rustops/crates-build-env@sha256:d92eaeed33fa75130ca1ee6c8a01d1ffb62bac859dfdfb3450e3e5d1c0146529" "/opt/rustwide/cargo-home/bin/cargo" "+72f88fc4e9458f89516a0b8b0868f3718aec5b47" "metadata" "--no-deps" "--format-version=1", kill_on_drop: false }`
[INFO] [stdout] 950f31b2d5856191a6b0c235f7aee13a11b21a3e50b8c1c1c5273f16848e86f7
[INFO] [stderr] WARNING: Your kernel does not support swap limit capabilities or the cgroup is not mounted. Memory limited without swap.
[INFO] running `Command { std: "docker" "start" "-a" "950f31b2d5856191a6b0c235f7aee13a11b21a3e50b8c1c1c5273f16848e86f7", kill_on_drop: false }`
[INFO] running `Command { std: "docker" "inspect" "950f31b2d5856191a6b0c235f7aee13a11b21a3e50b8c1c1c5273f16848e86f7", kill_on_drop: false }`
[INFO] running `Command { std: "docker" "rm" "-f" "950f31b2d5856191a6b0c235f7aee13a11b21a3e50b8c1c1c5273f16848e86f7", kill_on_drop: false }`
[INFO] [stdout] 950f31b2d5856191a6b0c235f7aee13a11b21a3e50b8c1c1c5273f16848e86f7
[INFO] running `Command { std: "docker" "create" "-v" "/var/lib/crater-agent-workspace/builds/worker-1/target:/opt/rustwide/target:rw,Z" "-v" "/var/lib/crater-agent-workspace/builds/worker-1/source:/opt/rustwide/workdir:ro,Z" "-v" "/var/lib/crater-agent-workspace/cargo-home:/opt/rustwide/cargo-home:ro,Z" "-v" "/var/lib/crater-agent-workspace/rustup-home:/opt/rustwide/rustup-home:ro,Z" "-e" "SOURCE_DIR=/opt/rustwide/workdir" "-e" "CARGO_TARGET_DIR=/opt/rustwide/target" "-e" "CARGO_INCREMENTAL=0" "-e" "RUST_BACKTRACE=full" "-e" "RUSTFLAGS=--cap-lints=forbid" "-e" "CARGO_HOME=/opt/rustwide/cargo-home" "-e" "RUSTUP_HOME=/opt/rustwide/rustup-home" "-w" "/opt/rustwide/workdir" "-m" "1610612736" "--user" "0:0" "--network" "none" "rustops/crates-build-env@sha256:d92eaeed33fa75130ca1ee6c8a01d1ffb62bac859dfdfb3450e3e5d1c0146529" "/opt/rustwide/cargo-home/bin/cargo" "+72f88fc4e9458f89516a0b8b0868f3718aec5b47" "check" "--frozen" "--all" "--all-targets" "--message-format=json", kill_on_drop: false }`
[INFO] [stdout] 000c295ea9b00a4ede7bc45bac08b3484684868d8f7f5ecd6a40b9bdd076fbcb
[INFO] [stderr] WARNING: Your kernel does not support swap limit capabilities or the cgroup is not mounted. Memory limited without swap.
[INFO] running `Command { std: "docker" "start" "-a" "000c295ea9b00a4ede7bc45bac08b3484684868d8f7f5ecd6a40b9bdd076fbcb", kill_on_drop: false }`
[INFO] [stderr]    Compiling bitflags v1.2.1
[INFO] [stderr]    Compiling riscv v0.5.0 (https://github.com/rcore-os/riscv#c62af464)
[INFO] [stderr]     Checking cfg-if v0.1.10
[INFO] [stderr]     Checking bit_field v0.9.0
[INFO] [stderr]    Compiling proc-macro2 v1.0.13
[INFO] [stderr]    Compiling bare-metal v0.2.5
[INFO] [stderr]     Checking log v0.4.8
[INFO] [stdout] error[E0425]: cannot find value `ENTRY_COUNT` in this scope
[INFO] [stdout]  --> /opt/rustwide/cargo-home/git/checkouts/riscv-ab2abd16c438337b/c62af46/src/paging/page_table.rs:6:31
[INFO] [stdout]   |
[INFO] [stdout] 6 |     entries: [PageTableEntry; ENTRY_COUNT],
[INFO] [stdout]   |                               ^^^^^^^^^^^ not found in this scope
[INFO] [stdout] 
[INFO] [stdout] 
[INFO] [stderr]    Compiling quote v1.0.5
[INFO] [stdout] error[E0599]: no function or associated item named `new` found for struct `addr::VirtAddr` in the current scope
[INFO] [stdout]    --> /opt/rustwide/cargo-home/git/checkouts/riscv-ab2abd16c438337b/c62af46/src/addr.rs:185:24
[INFO] [stdout]     |
[INFO] [stdout] 4   | pub struct VirtAddr(usize);
[INFO] [stdout]     | --------------------------- function or associated item `new` not found for this
[INFO] [stdout] ...
[INFO] [stdout] 185 |         Page(VirtAddr::new(vpn << 12))
[INFO] [stdout]     |                        ^^^ function or associated item not found in `addr::VirtAddr`
[INFO] [stdout] 
[INFO] [stdout] 
[INFO] [stdout] error[E0599]: no method named `p2_index` found for struct `addr::VirtAddr` in the current scope
[INFO] [stdout]    --> /opt/rustwide/cargo-home/git/checkouts/riscv-ab2abd16c438337b/c62af46/src/addr.rs:203:16
[INFO] [stdout]     |
[INFO] [stdout] 4   | pub struct VirtAddr(usize);
[INFO] [stdout]     | --------------------------- method `p2_index` not found for this
[INFO] [stdout] ...
[INFO] [stdout] 203 |         self.0.p2_index()
[INFO] [stdout]     |                ^^^^^^^^ method not found in `addr::VirtAddr`
[INFO] [stdout] 
[INFO] [stdout] 
[INFO] [stdout] error[E0599]: no method named `p1_index` found for struct `addr::VirtAddr` in the current scope
[INFO] [stdout]    --> /opt/rustwide/cargo-home/git/checkouts/riscv-ab2abd16c438337b/c62af46/src/addr.rs:207:16
[INFO] [stdout]     |
[INFO] [stdout] 4   | pub struct VirtAddr(usize);
[INFO] [stdout]     | --------------------------- method `p1_index` not found for this
[INFO] [stdout] ...
[INFO] [stdout] 207 |         self.0.p1_index()
[INFO] [stdout]     |                ^^^^^^^^ method not found in `addr::VirtAddr`
[INFO] [stdout] 
[INFO] [stdout] 
[INFO] [stdout] error[E0599]: no method named `page_number` found for struct `addr::VirtAddr` in the current scope
[INFO] [stdout]    --> /opt/rustwide/cargo-home/git/checkouts/riscv-ab2abd16c438337b/c62af46/src/addr.rs:211:16
[INFO] [stdout]     |
[INFO] [stdout] 4   | pub struct VirtAddr(usize);
[INFO] [stdout]     | --------------------------- method `page_number` not found for this
[INFO] [stdout] ...
[INFO] [stdout] 211 |         self.0.page_number()
[INFO] [stdout]     |                ^^^^^^^^^^^ method not found in `addr::VirtAddr`
[INFO] [stdout] 
[INFO] [stdout] 
[INFO] [stdout] error[E0599]: no function or associated item named `new` found for struct `addr::PhysAddr` in the current scope
[INFO] [stdout]    --> /opt/rustwide/cargo-home/git/checkouts/riscv-ab2abd16c438337b/c62af46/src/addr.rs:253:25
[INFO] [stdout]     |
[INFO] [stdout] 111 | pub struct PhysAddr(usize);
[INFO] [stdout]     | --------------------------- function or associated item `new` not found for this
[INFO] [stdout] ...
[INFO] [stdout] 253 |         Frame(PhysAddr::new(ppn << 12))
[INFO] [stdout]     |                         ^^^ function or associated item not found in `addr::PhysAddr`
[INFO] [stdout] 
[INFO] [stdout] 
[INFO] [stdout] error[E0599]: no method named `p2_index` found for struct `addr::PhysAddr` in the current scope
[INFO] [stdout]    --> /opt/rustwide/cargo-home/git/checkouts/riscv-ab2abd16c438337b/c62af46/src/addr.rs:271:16
[INFO] [stdout]     |
[INFO] [stdout] 111 | pub struct PhysAddr(usize);
[INFO] [stdout]     | --------------------------- method `p2_index` not found for this
[INFO] [stdout] ...
[INFO] [stdout] 271 |         self.0.p2_index()
[INFO] [stdout]     |                ^^^^^^^^ method not found in `addr::PhysAddr`
[INFO] [stdout] 
[INFO] [stdout] 
[INFO] [stdout] error[E0599]: no method named `p1_index` found for struct `addr::PhysAddr` in the current scope
[INFO] [stdout]    --> /opt/rustwide/cargo-home/git/checkouts/riscv-ab2abd16c438337b/c62af46/src/addr.rs:275:16
[INFO] [stdout]     |
[INFO] [stdout] 111 | pub struct PhysAddr(usize);
[INFO] [stdout]     | --------------------------- method `p1_index` not found for this
[INFO] [stdout] ...
[INFO] [stdout] 275 |         self.0.p1_index()
[INFO] [stdout]     |                ^^^^^^^^ method not found in `addr::PhysAddr`
[INFO] [stdout] 
[INFO] [stdout] 
[INFO] [stdout] error[E0599]: no method named `page_number` found for struct `addr::PhysAddr` in the current scope
[INFO] [stdout]    --> /opt/rustwide/cargo-home/git/checkouts/riscv-ab2abd16c438337b/c62af46/src/addr.rs:279:16
[INFO] [stdout]     |
[INFO] [stdout] 111 | pub struct PhysAddr(usize);
[INFO] [stdout]     | --------------------------- method `page_number` not found for this
[INFO] [stdout] ...
[INFO] [stdout] 279 |         self.0.page_number()
[INFO] [stdout]     |                ^^^^^^^^^^^ method not found in `addr::PhysAddr`
[INFO] [stdout] 
[INFO] [stdout] 
[INFO] [stdout] error[E0599]: no function or associated item named `new` found for struct `addr::PhysAddr` in the current scope
[INFO] [stdout]    --> /opt/rustwide/cargo-home/git/checkouts/riscv-ab2abd16c438337b/c62af46/src/paging/page_table.rs:72:19
[INFO] [stdout]     |
[INFO] [stdout] 72  |         PhysAddr::new(self.ppn() << 12)
[INFO] [stdout]     |                   ^^^ function or associated item not found in `addr::PhysAddr`
[INFO] [stdout]     | 
[INFO] [stdout]    ::: /opt/rustwide/cargo-home/git/checkouts/riscv-ab2abd16c438337b/c62af46/src/addr.rs:111:1
[INFO] [stdout]     |
[INFO] [stdout] 111 | pub struct PhysAddr(usize);
[INFO] [stdout]     | --------------------------- function or associated item `new` not found for this
[INFO] [stdout] 
[INFO] [stdout] 
[INFO] [stdout] error[E0599]: no function or associated item named `new` found for struct `addr::VirtAddr` in the current scope
[INFO] [stdout]   --> /opt/rustwide/cargo-home/git/checkouts/riscv-ab2abd16c438337b/c62af46/src/paging/recursive.rs:59:44
[INFO] [stdout]    |
[INFO] [stdout] 59 |         let page = Page::of_addr(VirtAddr::new(frame.start_address().as_usize()));
[INFO] [stdout]    |                                            ^^^ function or associated item not found in `addr::VirtAddr`
[INFO] [stdout]    | 
[INFO] [stdout]   ::: /opt/rustwide/cargo-home/git/checkouts/riscv-ab2abd16c438337b/c62af46/src/addr.rs:4:1
[INFO] [stdout]    |
[INFO] [stdout] 4  | pub struct VirtAddr(usize);
[INFO] [stdout]    | --------------------------- function or associated item `new` not found for this
[INFO] [stdout] 
[INFO] [stdout] 
[INFO] [stdout] error: aborting due to 11 previous errors
[INFO] [stdout] 
[INFO] [stdout] 
[INFO] [stdout] Some errors have detailed explanations: E0425, E0599.
[INFO] [stdout] 
[INFO] [stdout] For more information about an error, try `rustc --explain E0425`.
[INFO] [stdout] 
[INFO] [stderr] error: could not compile `riscv`.
[INFO] [stderr] 
[INFO] [stderr] To learn more, run the command again with --verbose.
[INFO] [stderr] warning: build failed, waiting for other jobs to finish...
[INFO] [stderr] error: build failed
[INFO] running `Command { std: "docker" "inspect" "000c295ea9b00a4ede7bc45bac08b3484684868d8f7f5ecd6a40b9bdd076fbcb", kill_on_drop: false }`
[INFO] running `Command { std: "docker" "rm" "-f" "000c295ea9b00a4ede7bc45bac08b3484684868d8f7f5ecd6a40b9bdd076fbcb", kill_on_drop: false }`
[INFO] [stdout] 000c295ea9b00a4ede7bc45bac08b3484684868d8f7f5ecd6a40b9bdd076fbcb
